a(z) = 2624*z - 28862. What is a(11)?
2
Let f(c) = 1693*c**2 + 21*c - 2. Calculate f(1).
1712
Let k(x) = 43*x**2 - 1589*x + 5533. Determine k(33).
-77
Let r(c) = -24*c**2 + 403*c - 277. What is r(13)?
906
Let s(t) = -t**3 - 12*t**2 - 3341*t - 9939. Determine s(-3).
3
Let n(h) = -21363*h + 1068129. Determine n(50).
-21
Let u(h) = -23*h**2 + 161*h - 129. What is u(6)?
9
Let m(t) = 4*t**3 + 154*t**2 - 81*t - 4. Give m(-39).
113
Let t(g) = -362287*g + 5796590. What is t(16)?
-2
Let t(j) = -2*j**2 + 142*j - 4548. What is t(16)?
-2788
Let d(k) = -2127*k + 13. What is d(0)?
13
Let j(d) = 43*d**3 - 1035*d**2 + 86*d - 326. Give j(24).
10
Let f(d) = -2*d**2 + 18177*d + 4745988. Give f(-254).
-2
Let o(c) = 19*c**2 - 290*c - 59. Give o(13).
-618
Let b(f) = -7*f**3 + 10*f**2 - 46*f - 252. Determine b(-8).
4340
Let l(o) = -112*o**2 + 1068*o + 18673. Give l(-9).
-11
Let q(g) = 1602*g - 196401. Give q(122).
-957
Let y(p) = -31*p**2 - 2441*p - 1745. Calculate y(-78).
49
Let h(k) = -k**3 - 10*k**2 + 7214*k + 43419. Give h(-6).
-9
Let b(i) = -541*i + 13125. Calculate b(23).
682
Let t(a) = -70*a**3 + 9239*a**2 + 133*a - 148. What is t(132)?
-16
Let t(m) = 8*m**3 + 29*m**2 + 175*m + 121. Determine t(-6).
-1613
Let o(l) = -l**3 + 76*l**2 - 3*l + 224. Calculate o(76).
-4
Let k(d) = 110441*d + 21646440. Calculate k(-196).
4
Let r(h) = -2*h**3 - 9*h**2 - 544*h - 3220. Determine r(-6).
152
Let n(i) = -3*i**3 - 63*i - 1674. What is n(0)?
-1674
Let d(s) = -3138*s + 994748. Determine d(317).
2
Let p(h) = 3*h**2 + 684*h + 11091. Give p(-210).
-249
Let v(z) = 249*z + 41726. What is v(-167)?
143
Let c(w) = 32*w**2 - 10749*w - 18. Calculate c(0).
-18
Let o(w) = 12*w**2 - 16586*w + 82630. Calculate o(5).
0
Let i(z) = -52*z + 6052. Determine i(119).
-136
Let w(f) = -186*f + 46029. Give w(248).
-99
Let t(b) = 30*b - 2266. Give t(62).
-406
Let u(d) = -183700*d - 3122799. Calculate u(-17).
101
Let i(z) = -722*z**2 + 38285*z - 1014. Calculate i(53).
-7
Let h(u) = 1148*u - 821961. Calculate h(716).
7
Let h(y) = -88*y**2 - 1133*y - 243. Give h(-13).
-386
Let r(h) = -1136*h**2 + 10234*h - 156. Give r(9).
-66
Let i(b) = 3*b**3 + 372*b**2 - 4440*b + 2030. Give i(-135).
5
Let n(j) = 90*j**2 + 1585*j + 17. Give n(-18).
647
Let j(y) = -43*y**2 + 1663*y - 1165. Give j(38).
-63
Let h(m) = -4*m**3 - 17*m**2 + 46*m + 115. Determine h(-5).
-40
Let t(u) = 1145*u + 134691. What is t(-115)?
3016
Let y(v) = -v**2 + 76*v + 23782. Determine y(-120).
262
Let m(b) = 2*b**2 + 4010*b - 138633. Give m(34).
19
Let p(h) = -2*h**3 + 4*h**2 + 1048*h - 4687. Give p(-24).
113
Let i(w) = 307*w - 2762. Calculate i(9).
1
Let s(j) = -112*j + 464. Determine s(-7).
1248
Let k(y) = y**2 - 1647*y + 62695. What is k(39)?
-17
Let k(x) = -x**3 - 438*x**2 + 2*x + 1393. What is k(0)?
1393
Let x(i) = i**3 - 72*i**2 - 560*i + 7166. Determine x(78).
-10
Let k(u) = 2*u**3 - 35*u**2 - 460*u + 1. What is k(-8)?
417
Let h(s) = -673*s + 99974. Calculate h(146).
1716
Let a(c) = -c**3 - 203*c**2 - 9796*c - 426. Calculate a(-124).
-426
Let d(f) = -f**3 + 13*f**2 + 1890*f - 26264. Calculate d(14).
0
Let y(d) = -13*d**3 + 40*d**2 - 117*d + 9. What is y(4)?
-651
Let r(n) = -46210*n + 5730044. Give r(124).
4
Let u(o) = 13*o**2 + 11064*o + 848. What is u(-851)?
-3
Let m(c) = c**3 + 9*c**2 - 7239*c - 18286. What is m(82)?
0
Let r(g) = -742*g - 98743. Calculate r(-134).
685
Let v(p) = -96*p - 6254. What is v(-68)?
274
Let g(s) = -390871*s - 3517859. Calculate g(-9).
-20
Let w(b) = -b**3 - 14*b**2 + 212*b + 2832. Determine w(-16).
-48
Let z(y) = -39*y**3 + 1025*y**2 - 6729*y - 71. Determine z(13).
-6
Let c(d) = -2*d**3 - 2*d**2 + 400*d + 1219. Determine c(15).
19
Let s(t) = -2063*t + 22695. Determine s(11).
2
Let p(v) = -v**3 - 2*v**2 - 32*v - 333. Give p(-6).
3
Let l(x) = x**3 - 601*x**2 + 91*x - 417187. Give l(602).
-1
Let w(f) = -2*f**2 - 159*f + 16957. Give w(61).
-184
Let v(x) = 583*x**2 + 11*x - 106. What is v(0)?
-106
Let a(i) = 8625*i - 86238. Calculate a(10).
12
Let q(a) = -861*a**2 - 3426*a + 76. What is q(-4)?
4
Let p(x) = 326*x + 34967. Determine p(-107).
85
Let q(l) = -l**3 - 56*l**2 + 3704*l + 2. Calculate q(39).
-37
Let n(k) = -354*k**2 + 9562*k - 29. Calculate n(27).
79
Let f(l) = -159625*l + 319254. Calculate f(2).
4
Let c(n) = 34*n**3 + 1056*n**2 + 69*n + 242. What is c(-31)?
25
Let u(s) = 24489*s - 220408. What is u(9)?
-7
Let o(m) = 2*m**2 + 76*m - 618. Determine o(-43).
-188
Let k(g) = -2535*g + 225667. Calculate k(89).
52
Let y(v) = -v**2 - 2906*v + 143862. Give y(49).
-933
Let p(n) = 496*n**3 - n**2 - 619*n - 619. Give p(-1).
-497
Let u(r) = -3*r**2 - 2008*r - 275239. Determine u(-477).
-10
Let t(j) = -j**2 + 706*j - 13148. Determine t(19).
-95
Let f(y) = -13*y**2 - 4770*y - 23868. Give f(-5).
-343
Let d(k) = 106*k**2 - 410*k - 2038. Calculate d(-5).
2662
Let w(p) = -4*p**2 - 872*p + 44861. What is w(-261)?
-31
Let q(t) = 9281*t + 334055. Determine q(-36).
-61
Let n(z) = 163*z - 17650. What is n(100)?
-1350
Let i(b) = 2515*b + 291783. What is i(-116)?
43
Let z(w) = 2*w**3 + 9*w**2 - 131*w + 133. Calculate z(-11).
1
Let p(k) = 7*k**2 + 10263*k + 1882969. What is p(-215)?
-1
Let d(k) = 1047*k - 102563. Determine d(98).
43
Let v(o) = 20*o**3 + 198*o**2 + 798*o + 11. Give v(-4).
-1293
Let t(f) = 3*f**2 - 14064*f + 557751. What is t(40)?
-9
Let p(a) = -852*a + 21137. Calculate p(25).
-163
Let c(i) = -4*i**3 - 9*i**2 - 15*i - 328. Give c(-9).
1994
Let c(m) = 2*m**3 - 232*m**2 - 8*m + 646. Calculate c(116).
-282
Let h(y) = 2695*y + 121276. Calculate h(-45).
1
Let x(q) = 6*q**2 + 3*q - 1525. Determine x(-17).
158
Let f(w) = -124*w + 28338. Determine f(230).
-182
Let r(y) = -60168*y - 1504221. Give r(-25).
-21
Let z(p) = -p**3 + 3938*p**2 + 11821*p - 22. Give z(-3).
-16
Let y(s) = -s**2 - 157*s - 7766. What is y(-69)?
-1694
Let j(x) = 2*x**3 + 54*x**2 - 431*x - 5764. Determine j(-31).
-91
Let o(x) = -15*x**2 + 80*x - 754. What is o(9)?
-1249
Let g(d) = 2490*d + 40342. What is g(-16)?
502
Let y(a) = -33*a**3 - 28*a**2 + 41*a. Determine y(2).
-294
Let y(v) = -v**3 - 19*v**2 - 47*v + 277. What is y(-10)?
-153
Let m(a) = 2*a**2 - 479*a + 24405. Give m(168).
381
Let j(l) = -23090*l - 28. Determine j(0).
-28
Let g(h) = h**3 - 11*h**2 - 1044*h + 14745. What is g(15)?
-15
Let d(n) = -5*n**3 - 52*n**2 + 197*n + 316. Calculate d(-13).
-48
Let a(x) = x**3 - 102*x**2 - 190*x - 1159. What is a(104)?
713
Let y(c) = 12*c**2 - 2521*c + 12575. Determine y(5).
270
Let i(y) = -y**3 + 27*y**2 - 124*y - 293. Calculate i(21).
-251
Let n(a) = a**3 - 131*a**2 + 3531*a + 391. Calculate n(93).
112
Let v(k) = -6*k**3 - 311*k**2 - 254*k + 52. Determine v(-51).
1
Let n(o) = 2*o**2 + 659*o - 93447. Give n(107).
-36
Let j(l) = l**2 - 3291*l - 116405. Give j(-35).
5
Let l(i) = -7*i**3 - 16*i**2 - 17*i + 79. What is l(-7)?
1815
Let v(q) = 2*q**2 + 22*q - 1203. Calculate v(-29).
-159
Let o(y) = -77479*y - 77448. Calculate o(-1).
31
Let j(p) = -387*p - 48373. Determine j(-125).
2
Let z(v) = -25*v**3 - 153*v**2 - 54*v - 208. What is z(-6)?
8
Let z(r) = -4*r**2 - 1179*r - 83433. Give z(-118).
-7
Let s(h) = -6042132*h - 36252789. Determine s(-6).
3
Let r(n) = -n**2 + 53*n - 543. Determine r(27).
159
Let i(f) = 224*f**2 - 69442*f + 612. Calculate i(310).
-8
Let p(v) = -38*v + 3882. Calculate p(114).
-450
Let z(l) = -l**3 - 8*l**2 + 140*l - 128. What is z(7)?
117
Let h(v) = -4*v**3 - 28*v**2 + 15138*v + 120844. What is h(-8)?
-4
Let x(y) = 3*y**3 + 615*y**2 - 19569*y + 713. Calculate x(-233).
14
Let y(j) = 323*j - 10411. Give y(32).
-75
Let z(d) = -2*d**3 + 4*d**2 - 315*d - 1407. What is z(-4)?
45
Let i(d) = 12706*d**2 + 12711*d - 5. Give i(-1).
-10
Let n(x) = 5944*x + 303246. Calculate n(-51).
102
Let k(t) = -334*t**2 - 51*t - 3. What is k(-2)?
-1237
Let k(u) = 2*u**2 + 524*u + 3996. Calculate k(-8).
-68
Let m(o) = 2*o**2 - 665*o + 25099. What is m(43)?
202
Let o(i) = -155487*i + 1399387. Calculate o(9).
4
Let c(k) = -364*k + 2634. Give c(9).
-642
Let o(u) = -3*u**2 + 43*u - 425. Give o(25).
-1225
Let v(j) = -16501*j - 231195. Determine v(-14).
-181
Let b(p) = p**3 + 383*p**2 + 2601*p - 229. Give b(-7).
-12
Let u(l) = l**3 + 68*l**2 + 607*l - 9987. Give u(-53).
-23
Let o(f) = -2*f**2 - 138*f + 8422. Calculate o(-108).
-2
Let z(v) = -15323*v - 1072568. What is z(